47 = 3*x + 3*d. Is x composite?
False
Let n(r) = -3*r**2 - 8*r + 5. Let u be n(-7). Let y = 886 + u. Let c = 1189 - y. Is c prime?
True
Let b(l) = 29*l + 89. Let d be b(-3). Suppose -2*m + 4289 = 3*t - 35, -d*m - 2*t = -4322. Is m a prime number?
False
Let d(h) = 2*h**3 - 14*h**2 + 157*h + 58. Is d(17) a composite number?
True
Suppose 24777 = -8*l + 11*l - 4*g, -5*l = 3*g - 41353. Is l a composite number?
True
Let u be 1/2*(14 - 276). Let w = 234 + u. Is w composite?
False
Suppose -58*b = 3295740 - 22225142. Is b prime?
True
Suppose -5*q - 3008223 = -15*q + q. Is q a prime number?
True
Let d(h) = 39*h**2 - h + 11. Let s = 59 - 59. Suppose 20 + s = 5*z. Is d(z) composite?
False
Suppose -2*v - 26 = -26. Suppose 6*a - 5368 - 3986 = v. Is a prime?
True
Let y = 4627 + -3650. Is y a composite number?
False
Suppose -2*c - 7269 = 5*q, -327 = -5*c - 4*q - 18491. Suppose -2*n = -3*b - 5108 + 21385, 2*n - 27139 = -5*b. Let i = c + b. Is i a composite number?
True
Let o(r) = -r**3 - 11*r**2 - 4*r + 17. Suppose -3*x = -2*x - 41. Suppose -3*f + 2*y - x = 0, 5*f + 3*y = -2*y - 85. Is o(f) a prime number?
True
Let h(n) = 17978*n + 167. Is h(3) a composite number?
False
Let c(q) = 3*q + 1. Let j be c(-4). Let w(m) = -m + 1. Let l(r) = 6*r + 4. Let u(a) = -l(a) - 3*w(a). Is u(j) a prime number?
False
Let x be (-7 - -6)*(647 + 0). Let z be 4 - (-28)/(-8) - x/2. Let t = z + 55. Is t composite?
False
Let t = 4408 - 2687. Suppose -q + 2652 = -t. Is q a prime number?
True
Let y be (-7)/((-42)/48) - 1*3. Suppose y*m = -3*h - 37, -4*h - m + 35 - 90 = 0. Is (h/35)/(1/(-15)) a composite number?
True
Let y be (-9916)/(-555) + (-4)/(-30). Suppose y*z - 29*z = -2794. Is z prime?
False
Let u be 4/3 - (-45)/27. Is (-12)/(324/(-1305))*u composite?
True
Let t = 278 - 203. Is 3/9 - (-343250)/t prime?
False
Let i = 123394 + -48915. Is i a prime number?
False
Let o = 96635 + -44376. Is o a prime number?
True
Let d = -479 + 466. Let b(h) = -1 + 0*h**2 + h**2 - 8*h - 5. Is b(d) composite?
True
Let c = 57 - 56. Suppose -3*z + c = 4, 2*w - 13 = z. Suppose i - w*i - 8989 = -2*u, 3*i - 18043 = -4*u. Is u a composite number?
False
Suppose -t = 5*u - 35, -6 - 14 = -4*t. Is (55 - -12469) + (u - -1) a composite number?
True
Let f = -1170340 - -1643997. Is f a prime number?
False
Let g(f) = f**3 - 24*f**2 - 3*f - 32. Let u be g(25). Is 2/(-2) + (u - -21) a prime number?
False
Let d = 7 + -5. Suppose -4*n = -d*n + 6. Is -6 + 7 + (-468)/n prime?
True
Let t be (-24)/108 - 76/(-18). Let l be (10 - 2)*(t - 3). Is (-7)/(14/l) - -698 prime?
False
Suppose -25*m + m - 68400 = 0. Let t = 1288 - m. Is t a prime number?
False
Suppose 8*m - 9*m - 14954 = -2*m. Is m a prime number?
False
Suppose -q - g - 56 + 1396 = 0, 0 = -2*q + 2*g + 2668. Let j = q - -1296. Is j composite?
False
Suppose -6*x = 3*o - 717051, 2 = 4*x + 14. Is o a prime number?
True
Suppose -36110 = -0*b - 2*b + 2*h, -4*b - 5*h + 72247 = 0. Suppose -2*x = 67146 - b. Is (-3)/(-7) - x/28 prime?
True
Let k(c) = -10 + 4*c**2 + 0*c**3 + 5*c**3 - 6*c - 4*c**3. Let g(h) = 46*h + 364. Let n be g(-8). Is k(n) composite?
True
Suppose -168 = 2*d - 2*c, -c - 54 - 182 = 3*d. Let v = d + 57. Let p(q) = q**3 + 23*q**2 - 3*q + 14. Is p(v) a prime number?
True
Suppose -35*n = i - 32*n - 8947, -n = 5*i - 44707. Is i a composite number?
False
Let i(x) = -386*x + 89. Let k be -12*(-6 - (-29)/4). Is i(k) composite?
False
Let v be 6/(-1) + (27 - 19). Suppose a = 3*a + i - 2319, v*a - 2304 = 2*i. Is a composite?
True
Let g be 2844/(-5) + (-2)/10. Let l be ((-4)/10)/(21/2520). Let n = l - g. Is n prime?
True
Let f = 57970 - 21803. Is f a composite number?
True
Let i be -358 - (-4 - (-10 + 6 + -2)). Let b be 8/(i/(-1045)) + 2/(-9). Suppose 5*l + 4285 = 2*n, 8 = -3*l + b. Is n a composite number?
True
Let h be -1*((-310)/30 - 4/6). Suppose v = h*v - 20380. Let k = v - 1197. Is k a prime number?
False
Suppose 0*f - 2*f + 6 = 3*r, r + 4*f = 2. Suppose 0 = -r*s - 2*y + 15228, 37*s + 30454 = 41*s + 2*y. Is s a composite number?
True
Suppose g = 6*g - 2*h - 4, 0 = h + 2. Suppose -3*s + 4*x + 159 = -x, -x = g. Is s composite?
False
Let a(q) = 20416*q**2 - 175*q - 12. Is a(5) prime?
True
Let w = 1166 + -971. Let l(x) = -x**3 + 3*x + 1. Let b be l(-2). Suppose -3*d + 4*f + 581 = 0, 0 = -b*d + 4*d - 2*f - w. Is d a prime number?
True
Suppose 0 = -4*r + 113 + 47. Suppose 7*a - 12*a = r. Is -6*134/(-3)*(-26)/a a composite number?
True
Let r be -2*(35/(-28))/((-2)/(-8)). Let y(m) = 95*m + 8. Is y(r) a prime number?
False
Let q(r) = 20*r**2 - 2*r - 8. Let u = -29 - -36. Suppose -x - u = -2*x. Is q(x) composite?
True
Let u be (-12)/(-8) - 50/(-4). Is (u/(-56) - (-5)/4)*247 composite?
True
Is (14016/56 + 10/14)*3373 a composite number?
True
Let n = -3518 - -10704. Suppose n = -36*m + 38*m. Is m a composite number?
False
Suppose -188*m = -276*m + 2754664. Is m composite?
True
Let z be ((-28960)/24)/(((-1)/5)/((-3)/(-5))). Let s be (-1 - 1) + (-14)/(-2). Suppose -s*f - 1095 = -z. Is f a prime number?
False
Let w(p) = 10*p**3 + 15*p**2 + 52*p + 199. Is w(14) composite?
False
Let c = -1873908 + 6152003. Is c a prime number?
False
Let w(g) = g**3 + 4*g**2 + 7*g + 10546. Is w(0) a composite number?
True
Let a = -2530 + 4073. Is a a composite number?
False
Suppose -3*f + 9 = 0, 0*p + 4*p + 4*f = 32. Suppose 5*y = -4*d - 53 - 45, 0 = 5*y + p*d + 100. Is 2 + 16/(-6) + (-12144)/y prime?
False
Is (3/9 + (0 - 1))/((-66)/42226173) composite?
False
Suppose -10334 = -2*f + 3*w + 3207, -5*w - 27083 = -4*f. Let v = 12291 - f. Is v composite?
False
Let s(g) = -g**3 - 7*g**2 - 7*g + 17. Let v be s(-5). Suppose -754 = -v*x - 4*a, -3*x - 4*a = -5*x + 762. Is x composite?
False
Let v = 88 + 106. Suppose -193*q + v*q - 131 = 0. Is q prime?
True
Let p(i) = -i**3 + 2*i**2 - i + 2. Let n be p(0). Is -7 + n + 193 - 7 prime?
True
Let b be (9 - 10) + (1 - -6). Let s be (2/b)/((-46)/12 + 4). Suppose 0 = -0*v + v, -k + s*v = -305. Is k composite?
True
Suppose 1535*o - 3566847 = 1482*o. Is o a prime number?
False
Suppose -5*n - 15 = -3*s, 2*s + 2*s + 15 = -5*n. Let v be -1 + s - (319 - 26). Let b = 683 - v. Is b a prime number?
True
Suppose -1257*x + 1193*x + 28955776 = 0. Is x a prime number?
False
Let x(p) = -p**3 + 126*p**2 - 79*p + 255. Is x(-43) composite?
False
Let c(a) = -4*a - 120. Let k be c(-24). Is k/36*2466/(-4) a composite number?
True
Is (4637/4)/(132/46992) a composite number?
True
Let t(z) = 11*z**2 - 19*z - 21. Suppose 6*k + 105 = 3*k. Let f = 45 + k. Is t(f) prime?
False
Let g(k) = -2*k**3 - k**2 + 3*k - 4. Let p be g(3). Let l = p + 61. Suppose -d + l*d = 1486. Is d prime?
True
Suppose 17*k + 24*k - 15703345 = 6*k. Is k a prime number?
True
Suppose 146*k - 143*k = -2*f + 62260, 0 = f + k - 31131. Is f prime?
False
Suppose 13*f + 3 = 14*f. Suppose -6*c = -10*c, -f*t + 22065 = 2*c. Is t prime?
False
Let d(s) = -819*s - 2. Suppose -7*y - 6 = -4*k - 5*y, 5*k + y = -10. Is d(k) a prime number?
False
Suppose -4*n + 8353 = -25395. Let l = n + -4850. Is l composite?
True
Suppose -92*n - l + 338607 = -90*n, 5*l = 3*n - 507956. Is n prime?
True
Is ((-5146)/155 + 31)/(2/(-256789 + -1)) a composite number?
True
Suppose -3*h = -3*t + 572 + 727, 3*t - 1295 = 4*h. Let v = t + 962. Is v a prime number?
True
Let n be 17119/7 - (-33)/77. Let l = n + -1043. Let u = 3261 - l. Is u a prime number?
False
Let s = 15923 - 10510. Is s prime?
True
Suppose 14*x - 218645 = 9*x - 4*l, -2*x = 4*l - 87446. Is x a composite number?
True
Let o(k) = k**3 + 32*k**2 - 68*k + 39. Let l be o(-34). Suppose l*b + 40929 = 194394. Is b composite?
True
Let d(s) = 2*s**2 + 10*s + 2. Let r be d(-5). Let x be (r/(-4))/(4/16). Is ((-3 - x) + 0)*-169 prime?
False
Suppose 1 = -2*y - 0*y - 5*l, 2*y = -2*l + 8. Suppose -y*i + 3*i + 80 = 0. Suppose -k - i = -5*k, 4*r - 3*k - 157 = 0. Is r composite?
False
Let j = 11698 - 4989. Is j a prime number?
True
Suppose 3*i + 15 = 8*i. Suppose 5*k = -4*r + 308893, -i*r = 5*k - 116567 - 192329. Is k prime?
True
Suppose l = 2542 + 913. Suppose -10*v + l = -9*v. Suppose 5*o + v = 2*d, 0 = -0*d - d - 2*o + 1741. Is d a prime number?
False
Is (34426/14)/((-5)/(710/(-2))) prime?
False
Suppose 6*w + 48123 = -106053. Is ((-20)/4)/(-5) - w a composite number?
True
Let v(q) = 4*q**2 + 96*q + 3. Let y be v(